{"id":59,"date":"2022-02-04T05:36:19","date_gmt":"2022-02-04T05:36:19","guid":{"rendered":"https:\/\/xn--strmgarden1884-xpb.se\/wp-content\/?page_id=59"},"modified":"2025-02-10T16:10:29","modified_gmt":"2025-02-10T15:10:29","slug":"main","status":"publish","type":"page","link":"https:\/\/xn--strmgarden1884-xpb.se\/wp-content\/","title":{"rendered":"Str\u00f6mg\u00e5rden 1884 \u2013 lantliv"},"content":{"rendered":"<p><\/p><div class=\"wp-block-columns alignwide are-vertically-aligned-top is-style-default has-white-color has-text-color has-background is-layout-flex wp-container-core-columns-is-layout-9d6595d7 wp-block-columns-is-layout-flex\" style=\"background-color:#6d8d79\"><div class=\"wp-block-column is-vertically-aligned-top is-layout-flow wp-block-column-is-layout-flow\" style=\"flex-basis:100%\"><h4 class=\"wp-block-heading alignwide has-text-align-center has-white-color has-text-color\" id=\"forest-1\" style=\"font-size:64px\">Tillbaka till naturen<\/h4>\n\n<p class=\"has-normal-font-size\" id=\"du-suchst-ruhe-und-erholung-umgeben-von-natur-pur-dann-bist-du-bei-uns-richtig-am-ende-der-offentlichen-strasse-liegt-unser-hof-in-leicht-erhohter-lage-mit-aussicht-auf-zwei-seen-und-den-wald-der-offentliche-badeplatz-am-singsjon-ladt-zum-baden-ein-aber-auch-angler-kommen-hier-auf-ihre-kosten-beim-waldspaziergang-kannst-du-beeren-pflucken-und-tiere-beobachten-darf-es-doch-einmal-ein-wenig-action-sein-dann-bietet-die-umgebung-diverse-freizeitangebote-an-wir-vermieten-aktuell-eine-kleine-einfache-stuga-genau-richtig-um-abzuschalten-und-alles-etwas-ruhiger-zu-nehmen-haben-wir-dich-gluschtig-gemacht-dann-freuen-wir-uns-auf-deinen-besuch\">S\u00f6ker du efter lugn och rekreation i naturen? D\u00e5 \u00e4r du p\u00e5 r\u00e4tt st\u00e4lle h\u00e4r hos oss! Du hittar oss i slutet av den allm\u00e4nna landsv\u00e4gen i en lite h\u00f6gt bel\u00e4gen g\u00e5rd med utsikt \u00f6ver tv\u00e5 sj\u00f6ar och den n\u00e4rbel\u00e4gna skogen. L\u00e4ngs Singsj\u00f6n kan du ta promenader och hitta st\u00e4llen d\u00e4r du kan bada. Den fiskeintresserade hittar platser d\u00e4r man kan pr\u00f6va sin fiskelycka. N\u00e4r du g\u00e5r i skogen kan du plocka b\u00e4r, h\u00f6ra f\u00e5gels\u00e5ng och kanske se n\u00e5got djur eller n\u00e5gon skogsf\u00e5gel. F\u00f6redrar du lite \u201daction\u201d? I den omgivande trakten finns olika aktiviteter. Hitta mer information om detta i Info-delen. Vi hyr ut en stuga, har en liten kaffestuga och erbjuder tv\u00e5 st\u00e4llplatser f\u00f6r husvagnar eller husbilar (utan tippnig och dusch) Precis perfekt f\u00f6r ett milj\u00f6ombyte och f\u00f6r att komma bort fr\u00e5n en inrutad och stressig vardag. Vill du uppleva hur fint det \u00e4r p\u00e5 landet och hur enkelt livet kan vara? Vi gl\u00e4ds \u00e5t att f\u00e5 ha dig som g\u00e4st hos oss!<\/p>\n\n<div class=\"wp-block-buttons is-content-justification-center is-layout-flex wp-container-core-buttons-is-layout-16018d1d wp-block-buttons-is-layout-flex\"><div class=\"wp-block-button\"><a class=\"wp-block-button__link has-secondary-background-color has-background wp-element-button\" href=\"https:\/\/xn--strmgarden1884-xpb.se\/wp-content\/news_se\">lantliv-nuvarande<\/a><\/div><\/div><\/div><\/div><div class=\"wp-block-columns alignwide are-vertically-aligned-top is-style-default has-white-color has-text-color has-background is-layout-flex wp-container-core-columns-is-layout-9d6595d7 wp-block-columns-is-layout-flex\" style=\"background-color:#6d8d79\"><div class=\"wp-block-column is-vertically-aligned-top is-layout-flow wp-block-column-is-layout-flow\" style=\"flex-basis:100%\"><h4 class=\"wp-block-heading alignwide has-text-align-center has-white-color has-text-color\" id=\"forest-1\" style=\"font-size:48px\">Kaffestuga <\/h4>\n\n<p class=\"has-normal-font-size\" id=\"du-suchst-ruhe-und-erholung-umgeben-von-natur-pur-dann-bist-du-bei-uns-richtig-am-ende-der-offentlichen-strasse-liegt-unser-hof-in-leicht-erhohter-lage-mit-aussicht-auf-zwei-seen-und-den-wald-der-offentliche-badeplatz-am-singsjon-ladt-zum-baden-ein-aber-auch-angler-kommen-hier-auf-ihre-kosten-beim-waldspaziergang-kannst-du-beeren-pflucken-und-tiere-beobachten-darf-es-doch-einmal-ein-wenig-action-sein-dann-bietet-die-umgebung-diverse-freizeitangebote-an-wir-vermieten-aktuell-eine-kleine-einfache-stuga-genau-richtig-um-abzuschalten-und-alles-etwas-ruhiger-zu-nehmen-haben-wir-dich-gluschtig-gemacht-dann-freuen-wir-uns-auf-deinen-besuch\">Nu har vi ocks\u00e5 en Kaffestuga! Mellan p\u00e5sk och slutet av augusti kommer v\u00e5r Kaffestugan att vara \u00f6ppet s\u00f6ndagar och m\u00e5ndagar. I sommars kan det bli \u00e4ven fler dagar. Vi du vara uppdaterat? D\u00e5 kan du g\u00e4rna f\u00f6lja oss p\u00e5 facebook eller instagram. <\/p>\n\n<div class=\"wp-block-buttons is-content-justification-center is-layout-flex wp-container-core-buttons-is-layout-16018d1d wp-block-buttons-is-layout-flex\"><div class=\"wp-block-button\"><a class=\"wp-block-button__link has-secondary-background-color has-background wp-element-button\" href=\"https:\/\/xn--strmgarden1884-xpb.se\/wp-content\/kaffeestuga_se\/\">Kaffestuga<\/a><\/div><\/div><\/div><\/div><div class=\"wp-block-group alignwide\"><div class=\"wp-block-group__inner-container is-layout-flow wp-block-group-is-layout-flow\"><div class=\"wp-block-columns alignwide is-style-default has-white-color has-text-color has-background is-layout-flex wp-container-core-columns-is-layout-9d6595d7 wp-block-columns-is-layout-flex\" style=\"background-color:#6d8d79\"><div class=\"wp-block-column is-layout-flow wp-block-column-is-layout-flow\"><h2 class=\"wp-block-heading\" id=\"stuga-mieten\"><em><em>Hyra stug<\/em>an<\/em><\/h2>\n\n<p class=\"has-normal-font-size\">Har du best\u00e4mt dig f\u00f6r att koppla av fr\u00e5n ditt dagliga liv hos oss? Vi \u00e4r glada att h\u00f6ra det! Du hittar all information om v\u00e5r stuga h\u00e4r nedan. Du kan se om stugan \u00e4r tillg\u00e4nglig under den tid du vill komma hit och du kan g\u00f6ra en bokning.<\/p>\n\n<div class=\"wp-block-buttons is-layout-flex wp-block-buttons-is-layout-flex\"><div class=\"wp-block-button aligncenter\"><a class=\"wp-block-button__link has-secondary-background-color has-background wp-element-button\" href=\"https:\/\/str\u00f6mgarden1884.se\/wp-content\/stuga_se\" rel=\"\">V\u00e5r stuga<\/a><\/div><\/div><\/div>\n\n<div class=\"wp-block-column is-vertically-aligned-center is-layout-flow wp-block-column-is-layout-flow\"><figure class=\"wp-block-image size-large\"><img loading=\"lazy\" decoding=\"async\" width=\"1024\" height=\"1024\" src=\"https:\/\/xn--strmgarden1884-xpb.se\/wp-content\/wp-content\/uploads\/2023\/08\/PhotoCollage_20230814_120607203-1024x1024.jpg\" alt=\"\" class=\"wp-image-2148\" srcset=\"https:\/\/xn--strmgarden1884-xpb.se\/wp-content\/wp-content\/uploads\/2023\/08\/PhotoCollage_20230814_120607203-1024x1024.jpg 1024w, https:\/\/xn--strmgarden1884-xpb.se\/wp-content\/wp-content\/uploads\/2023\/08\/PhotoCollage_20230814_120607203-300x300.jpg 300w, https:\/\/xn--strmgarden1884-xpb.se\/wp-content\/wp-content\/uploads\/2023\/08\/PhotoCollage_20230814_120607203-150x150.jpg 150w, https:\/\/xn--strmgarden1884-xpb.se\/wp-content\/wp-content\/uploads\/2023\/08\/PhotoCollage_20230814_120607203-768x768.jpg 768w, https:\/\/xn--strmgarden1884-xpb.se\/wp-content\/wp-content\/uploads\/2023\/08\/PhotoCollage_20230814_120607203-1536x1536.jpg 1536w, https:\/\/xn--strmgarden1884-xpb.se\/wp-content\/wp-content\/uploads\/2023\/08\/PhotoCollage_20230814_120607203-1200x1200.jpg 1200w, https:\/\/xn--strmgarden1884-xpb.se\/wp-content\/wp-content\/uploads\/2023\/08\/PhotoCollage_20230814_120607203-24x24.jpg 24w, https:\/\/xn--strmgarden1884-xpb.se\/wp-content\/wp-content\/uploads\/2023\/08\/PhotoCollage_20230814_120607203-36x36.jpg 36w, https:\/\/xn--strmgarden1884-xpb.se\/wp-content\/wp-content\/uploads\/2023\/08\/PhotoCollage_20230814_120607203-48x48.jpg 48w, https:\/\/xn--strmgarden1884-xpb.se\/wp-content\/wp-content\/uploads\/2023\/08\/PhotoCollage_20230814_120607203-450x450.jpg 450w, https:\/\/xn--strmgarden1884-xpb.se\/wp-content\/wp-content\/uploads\/2023\/08\/PhotoCollage_20230814_120607203-600x600.jpg 600w, https:\/\/xn--strmgarden1884-xpb.se\/wp-content\/wp-content\/uploads\/2023\/08\/PhotoCollage_20230814_120607203-100x100.jpg 100w, https:\/\/xn--strmgarden1884-xpb.se\/wp-content\/wp-content\/uploads\/2023\/08\/PhotoCollage_20230814_120607203.jpg 1920w\" sizes=\"auto, (max-width: 1024px) 100vw, 1024px\" \/><\/figure><\/div><\/div>\n\n<div class=\"wp-block-columns alignwide has-white-color has-text-color has-background is-layout-flex wp-container-core-columns-is-layout-9d6595d7 wp-block-columns-is-layout-flex\" style=\"background-color:#6d8d79\"><div class=\"wp-block-column is-vertically-aligned-center is-layout-flow wp-block-column-is-layout-flow\"><div class=\"wp-block-image\"><figure class=\"aligncenter size-large\"><img loading=\"lazy\" decoding=\"async\" width=\"1024\" height=\"1024\" src=\"https:\/\/xn--strmgarden1884-xpb.se\/wp-content\/wp-content\/uploads\/2023\/08\/PhotoCollage_20230814_121124050-1024x1024.jpg\" alt=\"\" class=\"wp-image-2149\" srcset=\"https:\/\/xn--strmgarden1884-xpb.se\/wp-content\/wp-content\/uploads\/2023\/08\/PhotoCollage_20230814_121124050-1024x1024.jpg 1024w, https:\/\/xn--strmgarden1884-xpb.se\/wp-content\/wp-content\/uploads\/2023\/08\/PhotoCollage_20230814_121124050-300x300.jpg 300w, https:\/\/xn--strmgarden1884-xpb.se\/wp-content\/wp-content\/uploads\/2023\/08\/PhotoCollage_20230814_121124050-150x150.jpg 150w, https:\/\/xn--strmgarden1884-xpb.se\/wp-content\/wp-content\/uploads\/2023\/08\/PhotoCollage_20230814_121124050-768x768.jpg 768w, https:\/\/xn--strmgarden1884-xpb.se\/wp-content\/wp-content\/uploads\/2023\/08\/PhotoCollage_20230814_121124050-1536x1536.jpg 1536w, https:\/\/xn--strmgarden1884-xpb.se\/wp-content\/wp-content\/uploads\/2023\/08\/PhotoCollage_20230814_121124050-1200x1200.jpg 1200w, https:\/\/xn--strmgarden1884-xpb.se\/wp-content\/wp-content\/uploads\/2023\/08\/PhotoCollage_20230814_121124050-24x24.jpg 24w, https:\/\/xn--strmgarden1884-xpb.se\/wp-content\/wp-content\/uploads\/2023\/08\/PhotoCollage_20230814_121124050-36x36.jpg 36w, https:\/\/xn--strmgarden1884-xpb.se\/wp-content\/wp-content\/uploads\/2023\/08\/PhotoCollage_20230814_121124050-48x48.jpg 48w, https:\/\/xn--strmgarden1884-xpb.se\/wp-content\/wp-content\/uploads\/2023\/08\/PhotoCollage_20230814_121124050-450x450.jpg 450w, https:\/\/xn--strmgarden1884-xpb.se\/wp-content\/wp-content\/uploads\/2023\/08\/PhotoCollage_20230814_121124050-600x600.jpg 600w, https:\/\/xn--strmgarden1884-xpb.se\/wp-content\/wp-content\/uploads\/2023\/08\/PhotoCollage_20230814_121124050-100x100.jpg 100w, https:\/\/xn--strmgarden1884-xpb.se\/wp-content\/wp-content\/uploads\/2023\/08\/PhotoCollage_20230814_121124050.jpg 1920w\" sizes=\"auto, (max-width: 1024px) 100vw, 1024px\" \/><\/figure><\/div><\/div>\n\n<div class=\"wp-block-column is-layout-flow wp-block-column-is-layout-flow\"><h2 class=\"wp-block-heading\" id=\"das-sind-wir\"><em><em>Det h\u00e4r \u00e4r vi<\/em><\/em><\/h2>\n\n<p class=\"has-normal-font-size\">Vi \u00e4r Urs och Patricia Christen. Vi bor p\u00e5 Str\u00f6mg\u00e5rden i byn H\u00e5sj\u00f6 i J\u00e4mtland sedan f\u00f6rsta oktober<br>2021. Vi k\u00e4nner oss mycket v\u00e4lkomna h\u00e4r. V\u00e5rt m\u00e5l \u00e4r att kunna f\u00f6rs\u00f6rja oss genom att driva en<br>bondg\u00e5rd och en lilla kaffestuga och hyra ut stugor och st\u00e4llplatser. Vi h\u00e5ller nu p\u00e5 att bygga upp v\u00e5r verksamhet. Vi har kor, getter, h\u00f6ns och bin. Vi har en tr\u00e4dg\u00e5rd d\u00e4r vi ska odla v\u00e5ra egna gr\u00f6nsaker och b\u00e4r och massor av blommor s\u00e5 att<br>v\u00e5ra bin kan tillverka underbar honung. Det kommer inte bara att vara ett n\u00f6je att \u00e4ta gr\u00f6nsakerna<br>och b\u00e4ren utan ocks\u00e5 att njuta av blomprakten.<\/p>\n\n<div class=\"wp-block-buttons is-layout-flex wp-block-buttons-is-layout-flex\"><div class=\"wp-block-button aligncenter\"><a class=\"wp-block-button__link has-secondary-background-color has-background wp-element-button\" href=\"https:\/\/xn--strmgarden1884-xpb.se\/wp-content\/about-us_se\">Om oss<\/a><\/div><\/div><\/div><\/div>\n\n<div class=\"wp-block-columns alignwide are-vertically-aligned-center has-white-color has-text-color has-background is-layout-flex wp-container-core-columns-is-layout-9d6595d7 wp-block-columns-is-layout-flex\" style=\"background-color:#6d8d79\"><div class=\"wp-block-column is-vertically-aligned-center is-layout-flow wp-block-column-is-layout-flow\"><h2 class=\"wp-block-heading\" id=\"galerie\"><em><em>V\u00e5rt bildgalleri<\/em><\/em><\/h2>\n\n<p class=\"has-normal-font-size\">Vare sig vi arbetar p\u00e5 v\u00e5ra \u00e4gor eller diskar i k\u00f6ket s\u00e5 l\u00e4mnar vi ofta arbetet en stund f\u00f6r att ta oss tid att njuta av den vackra naturen. Det \u00e4r fantastisk vilka vackra vyer naturen erbjuder. Det \u00e4r alltid n\u00e5gonting nytt att f\u00f6rundra sig \u00f6ver. Det spelar ingen roll om det \u00e4r n\u00e5gonting litet, har p\u00e4ls eller fj\u00e4drar, \u00e4r frukter eller blommor, \u00e4r isande kallt eller glittrar i solen \u2013 det \u00e4r alltid vackert. Ta en titt i v\u00e5rt bildgalleri p\u00e5 n\u00e4tet.<\/p>\n\n<div class=\"wp-block-buttons is-layout-flex wp-block-buttons-is-layout-flex\"><div class=\"wp-block-button aligncenter\"><a class=\"wp-block-button__link has-secondary-background-color has-background wp-element-button\" href=\"https:\/\/xn--strmgarden1884-xpb.se\/wp-content\/fotogallery_se\">V\u00e5rt bildgalleri<\/a><\/div><\/div><\/div>\n\n<div class=\"wp-block-column is-vertically-aligned-center is-layout-flow wp-block-column-is-layout-flow\"><figure class=\"wp-block-image size-large\"><img loading=\"lazy\" decoding=\"async\" width=\"1024\" height=\"1024\" src=\"https:\/\/xn--strmgarden1884-xpb.se\/wp-content\/wp-content\/uploads\/2023\/08\/PhotoCollage_20230814_121224983-1024x1024.jpg\" alt=\"\" class=\"wp-image-2150\" srcset=\"https:\/\/xn--strmgarden1884-xpb.se\/wp-content\/wp-content\/uploads\/2023\/08\/PhotoCollage_20230814_121224983-1024x1024.jpg 1024w, https:\/\/xn--strmgarden1884-xpb.se\/wp-content\/wp-content\/uploads\/2023\/08\/PhotoCollage_20230814_121224983-300x300.jpg 300w, https:\/\/xn--strmgarden1884-xpb.se\/wp-content\/wp-content\/uploads\/2023\/08\/PhotoCollage_20230814_121224983-150x150.jpg 150w, https:\/\/xn--strmgarden1884-xpb.se\/wp-content\/wp-content\/uploads\/2023\/08\/PhotoCollage_20230814_121224983-768x768.jpg 768w, https:\/\/xn--strmgarden1884-xpb.se\/wp-content\/wp-content\/uploads\/2023\/08\/PhotoCollage_20230814_121224983-1536x1536.jpg 1536w, https:\/\/xn--strmgarden1884-xpb.se\/wp-content\/wp-content\/uploads\/2023\/08\/PhotoCollage_20230814_121224983-1200x1200.jpg 1200w, https:\/\/xn--strmgarden1884-xpb.se\/wp-content\/wp-content\/uploads\/2023\/08\/PhotoCollage_20230814_121224983-24x24.jpg 24w, https:\/\/xn--strmgarden1884-xpb.se\/wp-content\/wp-content\/uploads\/2023\/08\/PhotoCollage_20230814_121224983-36x36.jpg 36w, https:\/\/xn--strmgarden1884-xpb.se\/wp-content\/wp-content\/uploads\/2023\/08\/PhotoCollage_20230814_121224983-48x48.jpg 48w, https:\/\/xn--strmgarden1884-xpb.se\/wp-content\/wp-content\/uploads\/2023\/08\/PhotoCollage_20230814_121224983-450x450.jpg 450w, https:\/\/xn--strmgarden1884-xpb.se\/wp-content\/wp-content\/uploads\/2023\/08\/PhotoCollage_20230814_121224983-600x600.jpg 600w, https:\/\/xn--strmgarden1884-xpb.se\/wp-content\/wp-content\/uploads\/2023\/08\/PhotoCollage_20230814_121224983-100x100.jpg 100w, https:\/\/xn--strmgarden1884-xpb.se\/wp-content\/wp-content\/uploads\/2023\/08\/PhotoCollage_20230814_121224983.jpg 1920w\" sizes=\"auto, (max-width: 1024px) 100vw, 1024px\" \/><\/figure><\/div><\/div>\n\n<div class=\"wp-block-columns alignwide has-white-color has-text-color has-background is-layout-flex wp-container-core-columns-is-layout-9d6595d7 wp-block-columns-is-layout-flex\" style=\"background-color:#6d8d79\"><div class=\"wp-block-column is-layout-flow wp-block-column-is-layout-flow\"><h2 class=\"wp-block-heading has-text-align-center\" id=\"so-findest-du-uns\"><em><em>Hur ni hittar oss<\/em><\/em><\/h2>\n\n<p class=\"has-normal-font-size\">Fr\u00e5n Arlanda i Stockholm tar det ungef\u00e4r fem och en halv timme att k\u00f6ra hit. Om du tar inrikesflyget till \u00d6stersund eller Sundsvall tar det ungef\u00e4r en timme och en halv att ta sig hit med bil. Det m\u00e5ste s\u00e4gas: att k\u00f6ra bil i Sverige \u00e4r mycket lugnare \u00e4n i t ex Schweiz. Och under de fem och en halv timmar det tar att k\u00f6ra hit fr\u00e5n Stockholm finns det redan d\u00e5 mycket fint att se l\u00e4ngs v\u00e4gen.<\/p>\n\n<div class=\"wp-block-buttons is-layout-flex wp-block-buttons-is-layout-flex\"><div class=\"wp-block-button aligncenter\"><a class=\"wp-block-button__link has-secondary-background-color has-background wp-element-button\" href=\"https:\/\/xn--strmgarden1884-xpb.se\/wp-content\/contact_se\">Kontakt<\/a><\/div><\/div><\/div><\/div><\/div><\/div>","protected":false},"excerpt":{"rendered":"<p>Tillbaka till naturen S\u00f6ker du efter lugn och rekreation i naturen? D\u00e5 \u00e4r du p\u00e5 r\u00e4tt st\u00e4lle h\u00e4r hos oss! Du hittar oss i slutet av den allm\u00e4nna landsv\u00e4gen i en lite h\u00f6gt bel\u00e4gen g\u00e5rd med utsikt \u00f6ver tv\u00e5 sj\u00f6ar och den n\u00e4rbel\u00e4gna skogen. L\u00e4ngs Singsj\u00f6n kan du ta promenader och hitta st\u00e4llen d\u00e4r du [&hellip;]<\/p>\n","protected":false},"author":1,"featured_media":0,"parent":0,"menu_order":0,"comment_status":"closed","ping_status":"closed","template":"","meta":{"ngg_post_thumbnail":0,"footnotes":""},"class_list":["post-59","page","type-page","status-publish","hentry"],"yoast_head":"<!-- This site is optimized with the Yoast SEO plugin v23.9 - https:\/\/yoast.com\/wordpress\/plugins\/seo\/ -->\n<title>Str\u00f6mg\u00e5rden 1884 \u2013 lantliv - Str\u00f6mg\u00e5rden 1884 \u2013 lantliv<\/title>\n<meta name=\"robots\" content=\"index, follow, max-snippet:-1, max-image-preview:large, max-video-preview:-1\" \/>\n<link rel=\"canonical\" href=\"https:\/\/xn--strmgarden1884-xpb.se\/wp-content\/\" \/>\n<meta property=\"og:locale\" content=\"de_DE\" \/>\n<meta property=\"og:type\" content=\"article\" \/>\n<meta property=\"og:title\" content=\"Str\u00f6mg\u00e5rden 1884 \u2013 lantliv - Str\u00f6mg\u00e5rden 1884 \u2013 lantliv\" \/>\n<meta property=\"og:description\" content=\"Tillbaka till naturen S\u00f6ker du efter lugn och rekreation i naturen? D\u00e5 \u00e4r du p\u00e5 r\u00e4tt st\u00e4lle h\u00e4r hos oss! Du hittar oss i slutet av den allm\u00e4nna landsv\u00e4gen i en lite h\u00f6gt bel\u00e4gen g\u00e5rd med utsikt \u00f6ver tv\u00e5 sj\u00f6ar och den n\u00e4rbel\u00e4gna skogen. L\u00e4ngs Singsj\u00f6n kan du ta promenader och hitta st\u00e4llen d\u00e4r du [&hellip;]\" \/>\n<meta property=\"og:url\" content=\"https:\/\/xn--strmgarden1884-xpb.se\/wp-content\/\" \/>\n<meta property=\"og:site_name\" content=\"Str\u00f6mg\u00e5rden 1884 \u2013 lantliv\" \/>\n<meta property=\"article:modified_time\" content=\"2025-02-10T15:10:29+00:00\" \/>\n<meta property=\"og:image\" content=\"https:\/\/xn--strmgarden1884-xpb.se\/wp-content\/wp-content\/uploads\/2023\/08\/PhotoCollage_20230814_120607203-1024x1024.jpg\" \/>\n\t<meta property=\"og:image:width\" content=\"1024\" \/>\n\t<meta property=\"og:image:height\" content=\"1024\" \/>\n\t<meta property=\"og:image:type\" content=\"image\/jpeg\" \/>\n<meta name=\"twitter:card\" content=\"summary_large_image\" \/>\n<meta name=\"twitter:label1\" content=\"Gesch\u00e4tzte Lesezeit\" \/>\n\t<meta name=\"twitter:data1\" content=\"4\u00a0Minuten\" \/>\n<script type=\"application\/ld+json\" class=\"yoast-schema-graph\">{\"@context\":\"https:\/\/schema.org\",\"@graph\":[{\"@type\":\"WebPage\",\"@id\":\"https:\/\/xn--strmgarden1884-xpb.se\/wp-content\/\",\"url\":\"https:\/\/xn--strmgarden1884-xpb.se\/wp-content\/\",\"name\":\"Str\u00f6mg\u00e5rden 1884 \u2013 lantliv - Str\u00f6mg\u00e5rden 1884 \u2013 lantliv\",\"isPartOf\":{\"@id\":\"https:\/\/xn--strmgarden1884-xpb.se\/wp-content\/#website\"},\"primaryImageOfPage\":{\"@id\":\"https:\/\/xn--strmgarden1884-xpb.se\/wp-content\/#primaryimage\"},\"image\":{\"@id\":\"https:\/\/xn--strmgarden1884-xpb.se\/wp-content\/#primaryimage\"},\"thumbnailUrl\":\"https:\/\/xn--strmgarden1884-xpb.se\/wp-content\/wp-content\/uploads\/2023\/08\/PhotoCollage_20230814_120607203-1024x1024.jpg\",\"datePublished\":\"2022-02-04T05:36:19+00:00\",\"dateModified\":\"2025-02-10T15:10:29+00:00\",\"breadcrumb\":{\"@id\":\"https:\/\/xn--strmgarden1884-xpb.se\/wp-content\/#breadcrumb\"},\"inLanguage\":\"de-CH\",\"potentialAction\":[{\"@type\":\"ReadAction\",\"target\":[\"https:\/\/xn--strmgarden1884-xpb.se\/wp-content\/\"]}]},{\"@type\":\"ImageObject\",\"inLanguage\":\"de-CH\",\"@id\":\"https:\/\/xn--strmgarden1884-xpb.se\/wp-content\/#primaryimage\",\"url\":\"https:\/\/xn--strmgarden1884-xpb.se\/wp-content\/wp-content\/uploads\/2023\/08\/PhotoCollage_20230814_120607203.jpg\",\"contentUrl\":\"https:\/\/xn--strmgarden1884-xpb.se\/wp-content\/wp-content\/uploads\/2023\/08\/PhotoCollage_20230814_120607203.jpg\",\"width\":1920,\"height\":1920},{\"@type\":\"BreadcrumbList\",\"@id\":\"https:\/\/xn--strmgarden1884-xpb.se\/wp-content\/#breadcrumb\",\"itemListElement\":[{\"@type\":\"ListItem\",\"position\":1,\"name\":\"Startseite\",\"item\":\"https:\/\/xn--strmgarden1884-xpb.se\/wp-content\/\"},{\"@type\":\"ListItem\",\"position\":2,\"name\":\"Str\u00f6mg\u00e5rden 1884 \u2013 lantliv\"}]},{\"@type\":\"WebSite\",\"@id\":\"https:\/\/xn--strmgarden1884-xpb.se\/wp-content\/#website\",\"url\":\"https:\/\/xn--strmgarden1884-xpb.se\/wp-content\/\",\"name\":\"Str\u00f6mg\u00e5rden 1884 \u2013 lantliv\",\"description\":\"\",\"potentialAction\":[{\"@type\":\"SearchAction\",\"target\":{\"@type\":\"EntryPoint\",\"urlTemplate\":\"https:\/\/xn--strmgarden1884-xpb.se\/wp-content\/?s={search_term_string}\"},\"query-input\":{\"@type\":\"PropertyValueSpecification\",\"valueRequired\":true,\"valueName\":\"search_term_string\"}}],\"inLanguage\":\"de-CH\"}]}<\/script>\n<!-- \/ Yoast SEO plugin. -->","yoast_head_json":{"title":"Str\u00f6mg\u00e5rden 1884 \u2013 lantliv - Str\u00f6mg\u00e5rden 1884 \u2013 lantliv","robots":{"index":"index","follow":"follow","max-snippet":"max-snippet:-1","max-image-preview":"max-image-preview:large","max-video-preview":"max-video-preview:-1"},"canonical":"https:\/\/xn--strmgarden1884-xpb.se\/wp-content\/","og_locale":"de_DE","og_type":"article","og_title":"Str\u00f6mg\u00e5rden 1884 \u2013 lantliv - Str\u00f6mg\u00e5rden 1884 \u2013 lantliv","og_description":"Tillbaka till naturen S\u00f6ker du efter lugn och rekreation i naturen? D\u00e5 \u00e4r du p\u00e5 r\u00e4tt st\u00e4lle h\u00e4r hos oss! Du hittar oss i slutet av den allm\u00e4nna landsv\u00e4gen i en lite h\u00f6gt bel\u00e4gen g\u00e5rd med utsikt \u00f6ver tv\u00e5 sj\u00f6ar och den n\u00e4rbel\u00e4gna skogen. L\u00e4ngs Singsj\u00f6n kan du ta promenader och hitta st\u00e4llen d\u00e4r du [&hellip;]","og_url":"https:\/\/xn--strmgarden1884-xpb.se\/wp-content\/","og_site_name":"Str\u00f6mg\u00e5rden 1884 \u2013 lantliv","article_modified_time":"2025-02-10T15:10:29+00:00","og_image":[{"width":1024,"height":1024,"url":"https:\/\/xn--strmgarden1884-xpb.se\/wp-content\/wp-content\/uploads\/2023\/08\/PhotoCollage_20230814_120607203-1024x1024.jpg","type":"image\/jpeg"}],"twitter_card":"summary_large_image","twitter_misc":{"Gesch\u00e4tzte Lesezeit":"4\u00a0Minuten"},"schema":{"@context":"https:\/\/schema.org","@graph":[{"@type":"WebPage","@id":"https:\/\/xn--strmgarden1884-xpb.se\/wp-content\/","url":"https:\/\/xn--strmgarden1884-xpb.se\/wp-content\/","name":"Str\u00f6mg\u00e5rden 1884 \u2013 lantliv - Str\u00f6mg\u00e5rden 1884 \u2013 lantliv","isPartOf":{"@id":"https:\/\/xn--strmgarden1884-xpb.se\/wp-content\/#website"},"primaryImageOfPage":{"@id":"https:\/\/xn--strmgarden1884-xpb.se\/wp-content\/#primaryimage"},"image":{"@id":"https:\/\/xn--strmgarden1884-xpb.se\/wp-content\/#primaryimage"},"thumbnailUrl":"https:\/\/xn--strmgarden1884-xpb.se\/wp-content\/wp-content\/uploads\/2023\/08\/PhotoCollage_20230814_120607203-1024x1024.jpg","datePublished":"2022-02-04T05:36:19+00:00","dateModified":"2025-02-10T15:10:29+00:00","breadcrumb":{"@id":"https:\/\/xn--strmgarden1884-xpb.se\/wp-content\/#breadcrumb"},"inLanguage":"de-CH","potentialAction":[{"@type":"ReadAction","target":["https:\/\/xn--strmgarden1884-xpb.se\/wp-content\/"]}]},{"@type":"ImageObject","inLanguage":"de-CH","@id":"https:\/\/xn--strmgarden1884-xpb.se\/wp-content\/#primaryimage","url":"https:\/\/xn--strmgarden1884-xpb.se\/wp-content\/wp-content\/uploads\/2023\/08\/PhotoCollage_20230814_120607203.jpg","contentUrl":"https:\/\/xn--strmgarden1884-xpb.se\/wp-content\/wp-content\/uploads\/2023\/08\/PhotoCollage_20230814_120607203.jpg","width":1920,"height":1920},{"@type":"BreadcrumbList","@id":"https:\/\/xn--strmgarden1884-xpb.se\/wp-content\/#breadcrumb","itemListElement":[{"@type":"ListItem","position":1,"name":"Startseite","item":"https:\/\/xn--strmgarden1884-xpb.se\/wp-content\/"},{"@type":"ListItem","position":2,"name":"Str\u00f6mg\u00e5rden 1884 \u2013 lantliv"}]},{"@type":"WebSite","@id":"https:\/\/xn--strmgarden1884-xpb.se\/wp-content\/#website","url":"https:\/\/xn--strmgarden1884-xpb.se\/wp-content\/","name":"Str\u00f6mg\u00e5rden 1884 \u2013 lantliv","description":"","potentialAction":[{"@type":"SearchAction","target":{"@type":"EntryPoint","urlTemplate":"https:\/\/xn--strmgarden1884-xpb.se\/wp-content\/?s={search_term_string}"},"query-input":{"@type":"PropertyValueSpecification","valueRequired":true,"valueName":"search_term_string"}}],"inLanguage":"de-CH"}]}},"jetpack_sharing_enabled":true,"_links":{"self":[{"href":"https:\/\/xn--strmgarden1884-xpb.se\/wp-content\/wp-json\/wp\/v2\/pages\/59","targetHints":{"allow":["GET"]}}],"collection":[{"href":"https:\/\/xn--strmgarden1884-xpb.se\/wp-content\/wp-json\/wp\/v2\/pages"}],"about":[{"href":"https:\/\/xn--strmgarden1884-xpb.se\/wp-content\/wp-json\/wp\/v2\/types\/page"}],"author":[{"embeddable":true,"href":"https:\/\/xn--strmgarden1884-xpb.se\/wp-content\/wp-json\/wp\/v2\/users\/1"}],"replies":[{"embeddable":true,"href":"https:\/\/xn--strmgarden1884-xpb.se\/wp-content\/wp-json\/wp\/v2\/comments?post=59"}],"version-history":[{"count":96,"href":"https:\/\/xn--strmgarden1884-xpb.se\/wp-content\/wp-json\/wp\/v2\/pages\/59\/revisions"}],"predecessor-version":[{"id":2451,"href":"https:\/\/xn--strmgarden1884-xpb.se\/wp-content\/wp-json\/wp\/v2\/pages\/59\/revisions\/2451"}],"wp:attachment":[{"href":"https:\/\/xn--strmgarden1884-xpb.se\/wp-content\/wp-json\/wp\/v2\/media?parent=59"}],"curies":[{"name":"wp","href":"https:\/\/api.w.org\/{rel}","templated":true}]}}